{"id":712,"date":"2025-09-25T12:39:31","date_gmt":"2025-09-25T12:39:31","guid":{"rendered":"https:\/\/frankfurtgate-solutions.de\/deutsch\/?page_id=712"},"modified":"2025-10-05T17:38:02","modified_gmt":"2025-10-05T17:38:02","slug":"healthcare-sectors","status":"publish","type":"page","link":"https:\/\/frankfurtgate-solutions.de\/deutsch\/healthcare-sectors\/","title":{"rendered":"HealthcareBranchen"},"content":{"rendered":"\n<section class=\"contentpage industrialpage\">\n<div class=\"container\">\n<h1><span>Healthcare <\/span>Branchen<\/h1>\n\n<div class=\"row\">\n<div class=\"col-lg-6\">\n<p>Wir sind spezialisiert auf die Beschaffung und Vorbereitung erstklassiger Fachkr\u00e4fte f\u00fcr deutschsprachige Krankenh\u00e4user und Pflegeeinrichtungen, darunter:<\/p>\n<ul>\n<li><strong>Qualifizierte Pflegekr\u00e4fte:<\/strong> Ein robuster Pool hochqualifizierter Pflegekr\u00e4fte aus Indien, den Philippinen und Afrika, die alle eine intensive Deutsch-Sprachausbildung auf B1- Niveau absolvieren. Diese engagierten Fachkr\u00e4fte bringen 3-5 Jahre Erfahrung aus renommierten internationalen Kliniken mit.<\/li>\n<li><strong>\u00c4rzt*innen:<\/strong> Erfahrene und qualifizierte \u00c4rzt*innen zur Unterst\u00fctzung Ihrer klinischen Anforderungen in verschiedenen Fachgebieten.<\/li>\n<li><strong>Physiotherapeut*innen:<\/strong> Qualifizierte Fachkr\u00e4fte zur Verbesserung Ihrer Rehabilitations-und Patientenversorgungsdienste.<\/li>\n<li><strong>Pathologie- und Radiologieberater*innen sowie Techniker*innen:<\/strong> Spezialisten zur St\u00e4rkung Ihrer Diagnose- und Labordienstleistungen.<\/li>\n<li><strong>Verwandte Fachkr\u00e4fte im Gesundheitswesen:<\/strong> Einschlie\u00dflich <strong>Ergotherapeuten, Personal Care Assistants sowie Fachkr\u00e4fte<\/strong> f\u00fcr die Alten-und Behindertenpflege f\u00fcr die h\u00e4usliche Pflege und Pflegeeinrichtungen; <strong>Hebammenkund, Kinderkrankenpflege, Geriatrie, Sterbebegleitung.<\/strong><\/li>\n<\/ul>\n<\/div>\n<div class=\"col-lg-6\"><img decoding=\"async\" src=\"https:\/\/frankfurtgate-solutions.de\/deutsch\/wp-content\/uploads\/2025\/09\/health-sector-1.jpg\" class=\"imgshadow\" alt=\"\"><\/div>\n<\/div>\n \n \n<\/div>\n<\/section>\n\n\n\n<p><\/p>\n","protected":false},"excerpt":{"rendered":"<p>Healthcare Branchen Wir sind spezialisiert auf die Beschaffung und Vorbereitung erstklassiger Fachkr\u00e4fte f\u00fcr deutschsprachige Krankenh\u00e4user und Pflegeeinrichtungen, darunter: Qualifizierte Pflegekr\u00e4fte: Ein robuster Pool hochqualifizierter Pflegekr\u00e4fte aus Indien, den Philippinen und Afrika, die alle eine intensive Deutsch-Sprachausbildung auf B1- Niveau absolvieren. Diese engagierten Fachkr\u00e4fte bringen 3-5 Jahre Erfahrung aus renommierten internationalen Kliniken mit. \u00c4rzt*innen: Erfahrene und [&hellip;]<\/p>\n","protected":false},"author":1,"featured_media":711,"parent":0,"menu_order":0,"comment_status":"closed","ping_status":"closed","template":"","meta":{"footnotes":""},"class_list":["post-712","page","type-page","status-publish","has-post-thumbnail","hentry"],"_links":{"self":[{"href":"https:\/\/frankfurtgate-solutions.de\/deutsch\/wp-json\/wp\/v2\/pages\/712","targetHints":{"allow":["GET"]}}],"collection":[{"href":"https:\/\/frankfurtgate-solutions.de\/deutsch\/wp-json\/wp\/v2\/pages"}],"about":[{"href":"https:\/\/frankfurtgate-solutions.de\/deutsch\/wp-json\/wp\/v2\/types\/page"}],"author":[{"embeddable":true,"href":"https:\/\/frankfurtgate-solutions.de\/deutsch\/wp-json\/wp\/v2\/users\/1"}],"replies":[{"embeddable":true,"href":"https:\/\/frankfurtgate-solutions.de\/deutsch\/wp-json\/wp\/v2\/comments?post=712"}],"version-history":[{"count":9,"href":"https:\/\/frankfurtgate-solutions.de\/deutsch\/wp-json\/wp\/v2\/pages\/712\/revisions"}],"predecessor-version":[{"id":738,"href":"https:\/\/frankfurtgate-solutions.de\/deutsch\/wp-json\/wp\/v2\/pages\/712\/revisions\/738"}],"wp:featuredmedia":[{"embeddable":true,"href":"https:\/\/frankfurtgate-solutions.de\/deutsch\/wp-json\/wp\/v2\/media\/711"}],"wp:attachment":[{"href":"https:\/\/frankfurtgate-solutions.de\/deutsch\/wp-json\/wp\/v2\/media?parent=712"}],"curies":[{"name":"wp","href":"https:\/\/api.w.org\/{rel}","templated":true}]}}