{"id":703,"date":"2025-09-25T11:57:32","date_gmt":"2025-09-25T11:57:32","guid":{"rendered":"https:\/\/frankfurtgate-solutions.de\/deutsch\/?page_id=703"},"modified":"2025-10-16T08:39:26","modified_gmt":"2025-10-16T08:39:26","slug":"personalbeschaffung","status":"publish","type":"page","link":"https:\/\/frankfurtgate-solutions.de\/deutsch\/personalbeschaffung\/","title":{"rendered":"Personalbeschaffung"},"content":{"rendered":"\n<section class=\"contentpage\">\n<div class=\"container\">\n<h1>Personalbeschaffung<\/h1>\n<a href=\"https:\/\/chelseaaicademy.com\/\" target=\"_blank\"><img decoding=\"async\" src=\"https:\/\/frankfurtgate-solutions.de\/deutsch\/wp-content\/uploads\/2025\/09\/chelsea.jpg\" alt=\"\"><\/a>\n<p>In der exklusiven Partnerschaft mit der ABAAM Group und meiner Direktorenschaft ihrer Chelsea Digital AiCademy haben wir neue Horizonte er\u00f6ffnet, indem wir einerseits qualifizierte technologische Fachkr\u00e4fte f\u00fcr die deutsche D-A-CH-Fertigungs- und Anlagenbauindustrie und andererseits f\u00fcr die Medi-\/HealthCare-Teilbranchen bereitstellen. Unsere Expertise bei der Bereitstellung umfassender Personal- und Ausbildungsl\u00f6sungen, die auf den Ingenieurs- und Fertigungssektor sowie den Medizin- und Gesundheitssektor in Deutschland, \u00d6sterreich und der Schweiz zugeschnitten sind, ist bislang einzigartig.<\/p>\n<p>Mit der 35-j\u00e4hrigen Erfolgsgeschichte der ABAAM Group und \u00fcber 100.000 erfolgreichen Stellenbesetzungen weltweit sind wir Ihr zuverl\u00e4ssiger globaler Experte f\u00fcr die Personalbeschaffung. Die globale Reichweite von FrankfurtGate Solutions und der ABAAM Group sowie ihr umfangreiches Netzwerk von Karriereberatern und Personalvermittlern in den wichtigsten St\u00e4dten Indiens, der Vereinigten Arabischen Emirate und der Philippinen gew\u00e4hrleisten eine konstante Bereitstellung hochkar\u00e4tiger Talente.<\/p>\n<p>Durch die wirksame Nutzung unserer globalen Ressourcen helfen wir Ihnen, erhebliche Kosteneinsparungen zu erzielen, sodass sich unsere Kunden ganz auf die Erbringung hochwertiger Dienstleistungen in ihren Kernkompetenzen konzentrieren k\u00f6nnen. Wir arbeiten mit ihnen zusammen, um arbeitsintensive und administrative T\u00e4tigkeiten auszulagern.<\/p>\n<p>Unseren Kandidaten bieten wir umfassende Unterst\u00fctzung, von den ersten Gespr\u00e4chen bis hin zu den abschlie\u00dfenden Vorstellungsgespr\u00e4chen und der Einarbeitung.<\/p>\n<\/div>\n<\/section>\n","protected":false},"excerpt":{"rendered":"<p>Personalbeschaffung In der exklusiven Partnerschaft mit der ABAAM Group und meiner Direktorenschaft ihrer Chelsea Digital AiCademy haben wir neue Horizonte er\u00f6ffnet, indem wir einerseits qualifizierte technologische Fachkr\u00e4fte f\u00fcr die deutsche D-A-CH-Fertigungs- und Anlagenbauindustrie und andererseits f\u00fcr die Medi-\/HealthCare-Teilbranchen bereitstellen. Unsere Expertise bei der Bereitstellung umfassender Personal- und Ausbildungsl\u00f6sungen, die auf den Ingenieurs- und Fertigungssektor sowie [&hellip;]<\/p>\n","protected":false},"author":1,"featured_media":740,"parent":0,"menu_order":0,"comment_status":"closed","ping_status":"closed","template":"","meta":{"footnotes":""},"class_list":["post-703","page","type-page","status-publish","has-post-thumbnail","hentry"],"_links":{"self":[{"href":"https:\/\/frankfurtgate-solutions.de\/deutsch\/wp-json\/wp\/v2\/pages\/703","targetHints":{"allow":["GET"]}}],"collection":[{"href":"https:\/\/frankfurtgate-solutions.de\/deutsch\/wp-json\/wp\/v2\/pages"}],"about":[{"href":"https:\/\/frankfurtgate-solutions.de\/deutsch\/wp-json\/wp\/v2\/types\/page"}],"author":[{"embeddable":true,"href":"https:\/\/frankfurtgate-solutions.de\/deutsch\/wp-json\/wp\/v2\/users\/1"}],"replies":[{"embeddable":true,"href":"https:\/\/frankfurtgate-solutions.de\/deutsch\/wp-json\/wp\/v2\/comments?post=703"}],"version-history":[{"count":3,"href":"https:\/\/frankfurtgate-solutions.de\/deutsch\/wp-json\/wp\/v2\/pages\/703\/revisions"}],"predecessor-version":[{"id":708,"href":"https:\/\/frankfurtgate-solutions.de\/deutsch\/wp-json\/wp\/v2\/pages\/703\/revisions\/708"}],"wp:featuredmedia":[{"embeddable":true,"href":"https:\/\/frankfurtgate-solutions.de\/deutsch\/wp-json\/wp\/v2\/media\/740"}],"wp:attachment":[{"href":"https:\/\/frankfurtgate-solutions.de\/deutsch\/wp-json\/wp\/v2\/media?parent=703"}],"curies":[{"name":"wp","href":"https:\/\/api.w.org\/{rel}","templated":true}]}}