{"id":66,"date":"2021-08-18T12:56:05","date_gmt":"2021-08-18T12:56:05","guid":{"rendered":"https:\/\/frankfurtgate-solutions.de\/deutsch\/?page_id=66"},"modified":"2022-05-22T10:36:24","modified_gmt":"2022-05-22T10:36:24","slug":"sparring","status":"publish","type":"page","link":"https:\/\/frankfurtgate-solutions.de\/deutsch\/sparring\/","title":{"rendered":"Sparring"},"content":{"rendered":"\n<section class=\"contentpage\">\n<div class=\"container\">\n<h1>Sparring<\/h1>\n \n<p>In tatkr\u00e4ftigen Einzel-Sparringgespr\u00e4chen mit Ihnen werde ich mein Fachwissen und meine Erfahrung der unterschiedlichen Managementbereiche (Wettbewerbsanalyse, Vertrieb, Technologie, Lieferketten etc.) einbringen, um Denkanso\u00dfe zu geben. Meine unvoreingenommene Beurteilung wird es Ihnen erm\u00f6glichen Ihre Situation in einer breiteren Perspektive zu erkennen.<\/p>\n\n<p>Beim Aufbruch in unbekannte Gew\u00e4sser bzw. bei neuen Aufgabenstellungen in \u00fcberwiegend neuen Betriebs-\u00d6kosystemen werden unsere Interaktionen Ihr Spektrum m\u00f6glicher strategischer Initiative erweitern und die eigenete Auswahle souver\u00e4n zu treffen.<\/p>\n\n<p>Wenn sich die Managements lediglich bei \u201eBrandbek\u00e4mpfungen\u201c verzetteln, belastet der t\u00e4gliche Druck die Strategien, die zu blo\u00dfen Extrapolationen bestehender Unternehmensrichtlinien verkommen. \u00c4u\u00dfere Hilfe in Form von Sparring durch eine erfahrene Person, die sich in Ihre Lage versetzen kann, wird dann zum Segen, ihr weitreichender Blick erweist sich buchst\u00e4blich als unverzichtbar.<\/p>\n\n<p>Ich werde Ihre \u00dcberlegungen \u00fcber die Nachteile Ihrer eigenen Entscheidungen und die damit verbundenen Risiken ansporen. Mein relevantes Feedback wird folgende Fragen aufwerfen \u2013 wie gr\u00fcndlich haben Sie Ihre Schw\u00e4chen und Wettbewerbsrisiken \u00fcberpr\u00fcft? Wie intensiv haben Sie sich mit Ihren kritischen Erfolgsfaktoren auseinander gesetzt? Meine kontr\u00e4re Argumente \u201cTeufelanwaldschaft\u201d werden Ihnen helfen tote Winkel zu vermeiden und bisher Nichtgesehnes zu erkennen. Ich m\u00f6chte, dass Sie sich zur\u00fccklehnen, tief durchatmen, Druck abbauen und in Ruhe \u00fcber m\u00f6gliche Konzequenzen Ihrer eigenen Entscheidungen nachdenken. Durch meinen sachk\u00fcndigen Beitrag in Form von Coach-und-Mentor werden Sie Sicherheit gewinnen und bewussten Entscheidungen treffen. Dabei werde ich auch von Ihnen lernen!<\/p>\n\n<p>Wenn Sie sich mit den besten Ideen ausreichend auseinandergesetzt haben, werden Sie selbst von der Machbarkeit Ihrer L\u00f6sungen \u00fcberzeugt sein. Solche \u00dcberlegungen sind in der Lage Ihre Zweifel und Ungewissheiten auszur\u00e4umen. Mit jeder \u00dcbung werden Sie selbstsicherer werden. <\/p>\n\n\n<p>\u201eExtremes\u201c Denken st\u00e4rkt Ihre inneren \u00dcberzeugungen, Ihr Selbstvertrauen, Ihren \u00c9lan und Ihre Agilit\u00e4t. Die Kommunikation mit einer st\u00e4rkeren Wissensbasis gibt Ihren Vorgesetzten und Kollegen ein erh\u00f6htes Sicherheitsgef\u00fchl. Zus\u00e4tzlich zu Ihrem Teamgeist verbessert Sparring Ihre Ausstrahlung und F\u00fchrungsqualit\u00e4ten.<\/p>\n\n<p><strong><i>Bitte beziehen Sie sich auch auf mein Kompetenzprofil und die Branchen, in denen ich t\u00e4tig war. Detaillierter Lebenslauf und Zeugnisse werden auf Anfrage zur Verf\u00fcgung gestellt.<\/i><\/strong><\/p>\n<\/div>\n<\/section>\n","protected":false},"excerpt":{"rendered":"<p>Sparring In tatkr\u00e4ftigen Einzel-Sparringgespr\u00e4chen mit Ihnen werde ich mein Fachwissen und meine Erfahrung der unterschiedlichen Managementbereiche (Wettbewerbsanalyse, Vertrieb, Technologie, Lieferketten etc.) einbringen, um Denkanso\u00dfe zu geben. Meine unvoreingenommene Beurteilung wird es Ihnen erm\u00f6glichen Ihre Situation in einer breiteren Perspektive zu erkennen. Beim Aufbruch in unbekannte Gew\u00e4sser bzw. bei neuen Aufgabenstellungen in \u00fcberwiegend neuen Betriebs-\u00d6kosystemen werden [&hellip;]<\/p>\n","protected":false},"author":1,"featured_media":667,"parent":0,"menu_order":0,"comment_status":"closed","ping_status":"closed","template":"","meta":{"footnotes":""},"class_list":["post-66","page","type-page","status-publish","has-post-thumbnail","hentry"],"_links":{"self":[{"href":"https:\/\/frankfurtgate-solutions.de\/deutsch\/wp-json\/wp\/v2\/pages\/66","targetHints":{"allow":["GET"]}}],"collection":[{"href":"https:\/\/frankfurtgate-solutions.de\/deutsch\/wp-json\/wp\/v2\/pages"}],"about":[{"href":"https:\/\/frankfurtgate-solutions.de\/deutsch\/wp-json\/wp\/v2\/types\/page"}],"author":[{"embeddable":true,"href":"https:\/\/frankfurtgate-solutions.de\/deutsch\/wp-json\/wp\/v2\/users\/1"}],"replies":[{"embeddable":true,"href":"https:\/\/frankfurtgate-solutions.de\/deutsch\/wp-json\/wp\/v2\/comments?post=66"}],"version-history":[{"count":7,"href":"https:\/\/frankfurtgate-solutions.de\/deutsch\/wp-json\/wp\/v2\/pages\/66\/revisions"}],"predecessor-version":[{"id":424,"href":"https:\/\/frankfurtgate-solutions.de\/deutsch\/wp-json\/wp\/v2\/pages\/66\/revisions\/424"}],"wp:featuredmedia":[{"embeddable":true,"href":"https:\/\/frankfurtgate-solutions.de\/deutsch\/wp-json\/wp\/v2\/media\/667"}],"wp:attachment":[{"href":"https:\/\/frankfurtgate-solutions.de\/deutsch\/wp-json\/wp\/v2\/media?parent=66"}],"curies":[{"name":"wp","href":"https:\/\/api.w.org\/{rel}","templated":true}]}}