{"id":2,"date":"2021-08-10T04:35:18","date_gmt":"2021-08-10T04:35:18","guid":{"rendered":"https:\/\/frankfurtgate-solutions.de\/deutsch\/?page_id=2"},"modified":"2025-10-05T17:21:06","modified_gmt":"2025-10-05T17:21:06","slug":"sample-page","status":"publish","type":"page","link":"https:\/\/frankfurtgate-solutions.de\/deutsch\/","title":{"rendered":"Willkommen"},"content":{"rendered":"\n<section id=\"about\">\n<div class=\"container\">\n<h1><span class=\"red\">&#8220;40&#8221; Jahre Erfahrung<\/span><br><br><span class=\"blue\">Dr.-Ing. Inder Krishan Bhambry<\/span><br>\n   Dr.-Ing. Dipl.-Ing. (PL) \u2013 Maschinenbau <\/h1>\n<div class=\"row\">\n<div class=\"col-sm-12\">\n<img decoding=\"async\" src=\"https:\/\/frankfurtgate-solutions.de\/deutsch\/wp-content\/uploads\/2021\/10\/Dr-Inder-Krishan-home.jpg\" alt=\"\" class=\"imgleft\">\n\n<p><strong>Deutscher Staatsb\u00fcrger (Wohnhaft in der Bundesrepublik Deutschland seit 1984)<\/strong><\/p>\n<p><strong>Geboren am 05. November 1954 in Neu Delhi, Indien<\/strong><\/p>\n\n<p>Dank meiner \u00fcber 30-j\u00e4hrigen T\u00e4tigkeit in renommierten deutschen Unternehmen habe ich umfangreiches Know-how und internationale Kompetenz in den Bereichen Unternehmensf\u00fchrung, Industrievertrieb und Marketing, Produktion und Logistik sowie Supply-Chain-Management gewonnen. Ich orientiere mich zielgerichtet auf die Gesch\u00e4ftsstrategien der Kunden und deren nachhaltige Umsetzung, um konkrete Ergebnisse zu erzielen.<\/p>\n\n<p>Mit einem gro\u00dfen Appetit aufs Lernen, indem ich sowohl Kollegen und Mitarbeiter gecoacht habe als auch ich selbst von herausragenden Pers\u00f6nlichkeiten systematisch gecoacht bin, indem ich weltweit bew\u00e4hrte Verfahren \u201eBest Practices\u201c austausche, entwickle ich st\u00e4ndig durch die Ermutigung zu Kreativit\u00e4t und Innovation, Methoden zur Wertsteigerung f\u00fcr meine Kunden bei den operativen Leistungen aussergew\u00f6hnlich erfolgreich.<\/p>\n<img decoding=\"async\" src=\"https:\/\/frankfurtgate-solutions.de\/deutsch\/wp-content\/uploads\/2022\/05\/capture22.png\" class=\"imgright\" alt=\"\"> \n<p>Unternehmensspezifische Situationen lassen sich weder durch das \u00dcberlagern bestehender Untersuchungsschablonen aussagekr\u00e4ftig erfassen, noch lassen sich ihre L\u00f6sungen ohne weiteres aus bekannten Praktiken ableiten. Durch die Konzeption unterschiedlicher Paradigmen werden von mir in partnerschaftlicher Zusammenarbeit mit den Managements meiner Kunden differenzierte Ans\u00e4tze eingef\u00fchrt. Darauffolgende Iterationen gehen sowohl auf die aktuellen funktionalen Probleme effektiv ein als auch auf die disruptiven und transformativen Technologien, die mit \u00fcberw\u00e4ltigender Geschwindigkeit voranschreiten. Jede Erfahrung, optimale L\u00f6sungen zu erarbeiten und Chancen zu erzeugen, ist f\u00fcr beide Seiten einzigartig und markant.<\/p>\n\n<p>Mit einem starken mathematischen und technischen Hintergrund und meiner reichhaltigen Erfahrung in verschiedenen Industriebranchen lebe und atme ich Technologie, sie flie\u00dft in mir. Ich verk\u00f6rpere eine anspruchsvolle technische Kultur mit bodenst\u00e4ndigem unternehmerischen Scharfsinn, ich steuere gelassen durch Komplexit\u00e4ten und gehe \u00fcber die herk\u00f6mmlich eingeschlagenen Wege hinaus, ich habe eine klare Vision \u2013 und Mission, einen weiten Blickwinkel; meine Arbeitsweise ist transparent, sie ist pragmatisch \u2013 und intuitiv zugleich. <\/p>\n\n<p>Die bevorstehenden Entwicklungen in der Nanotechnologie und K\u00fcnstlichen Intelligenz sind meine neuen Deep Dives; Digitalisierung  digitisation and digitalisation entlang der gesamten Wertsch\u00f6pfungskette sind meine neuen Opportunit\u00e4ten.Rationalisierung im Bereich Medizin und Gesundheitswesen sind meine verst\u00e4rkten T\u00e4tigkeitsfelder.<\/p>\n\n<p>Den h\u00f6chsten ethischen Grunds\u00e4tzen nachkommend, bewahre ich im Umgang mit meinen Kunden absolute Geheimhaltung und Verschwiegenheit. Ich \u00fcbernehme die Auftr\u00e4ge, bei denen ich mich absolut sicher f\u00fchle.<\/p>\n<a href=\"https:\/\/frankfurtgate-solutions.de\/deutsch\/uber-mich\/\" class=\"readmore\">Read More<\/a>\n<\/div>\n \n<\/div>\n<\/div>\n<\/section>\n\n\n\n \n<section id=\"products\">\n<div class=\"container\">\n<h2>Unsere Leistungen<\/h2>\n<div class=\"row\">\n<div class=\"col-lg-4 col-sm-6\">\n<div class=\"start\">\n<h3>Interim<\/h3>\n<p>Abgesehen vom Grund Ihrer Interimstellenausschreibung, sei er ausgel\u00f6st durch die Unsicherheiten w\u00e4hrend oder nach der Pandemie, sei es der Bedarf an besonderem Fachwissen, um au\u00dfergew\u00f6hnliche&#8230;<\/p>\n<a href=\"https:\/\/frankfurtgate-solutions.de\/deutsch\/interim\/\">Read More<\/a>\n<\/div>\n<\/div> \n\n<div class=\"col-lg-4 col-sm-6\">\n<div class=\"start\">\n<h3>Beratung<\/h3>\n<p>Beruhend auf meinem fundierten technischen und kaufm\u00e4nnischen Hintergrund und meiner \u00fcber &#8220;40&#8221;-j\u00e4hrigen Berufserfahrung in Deutschland, der Gesamtf\u00fchrung deutscher Tochtergesellschaften. <\/p>\n<a href=\"https:\/\/frankfurtgate-solutions.de\/deutsch\/beratung\/\">Read More<\/a>\n<\/div>\n<\/div>\n\n<div class=\"col-lg-4 col-sm-6\">\n<div class=\"start\">\n<h3>Projekte<\/h3>\n<p>Immer mehr Unternehmensaktivit\u00e4ten greifen die Systematik von Projekten auf, deren wachsende Komplexit\u00e4t von einer F\u00fclle von Projektmanagement-Tools und immer mehr KI-Algorithmen zielgenau bewerkstelligt wird.<\/p>\n<a href=\"https:\/\/frankfurtgate-solutions.de\/deutsch\/projekte\/\">Read More<\/a>\n<\/div>\n<\/div>\n\n<div class=\"col-lg-4 col-sm-6\">\n<div class=\"start\">\n<h3>Sparring<\/h3>\n<p>In tatkr\u00e4ftigen Einzel-Sparringgespr\u00e4chen mit Ihnen werde ich mein Fachwissen und meine Erfahrung der unterschiedlichen Managementbereiche (Wettbewerbsanalyse, Vertrieb&#8230; <\/p>\n<a href=\"https:\/\/frankfurtgate-solutions.de\/deutsch\/sparring\/\">Read More<\/a>\n<\/div>\n<\/div>\n\n<div class=\"col-lg-4 col-sm-6\">\n<div class=\"start\">\n<h3>Personalbeschaffung<\/h3>\n<p>In der exklusiven Partnerschaft mit der ABAAM Group und meiner Direktorenschaft ihrer Chelsea Digital AiCademy haben wir neue Horizonte er\u00f6ffnet, indem wir einerseits&#8230; <\/p>\n<a href=\"https:\/\/frankfurtgate-solutions.de\/deutsch\/personalbeschaffung\/\">Read More<\/a>\n<\/div>\n<\/div>\n\n<\/div>\n\n<\/div>\n<\/section>\n\n \n<section class=\"provide\">\n<div class=\"container\">\n<div class=\"row\">\n<div class=\"col-md-10 col-sm-9\">\n<span>&#8220;40&#8221; Years of Experience<\/span>\n<h3>Wir erbringen Dienstleistungen f\u00fcr <\/h3>\n<p>Automotiv, Autokomponenten, Anlagenbau, Maschinenbau,Umfassende Personal- und Ausbildungsl\u00f6sungen in den Bereichen Engineering und Fertigung, und Gesundheitswesen, individuell abgestimmt auf Deutschland, \u00d6sterreich und die Schweiz.<\/p>\n<\/div>\n<div class=\"col-md-2 col-sm-3\"><a href=\"https:\/\/frankfurtgate-solutions.de\/deutsch\/kontakt\/\">Kontakt Now<\/a><\/div>\n<\/div>\n<\/div>\n<\/section>\n","protected":false},"excerpt":{"rendered":"<p>&#8220;40&#8221; Jahre Erfahrung Dr.-Ing. Inder Krishan Bhambry Dr.-Ing. Dipl.-Ing. (PL) \u2013 Maschinenbau Deutscher Staatsb\u00fcrger (Wohnhaft in der Bundesrepublik Deutschland seit 1984) Geboren am 05. November 1954 in Neu Delhi, Indien Dank meiner \u00fcber 30-j\u00e4hrigen T\u00e4tigkeit in renommierten deutschen Unternehmen habe ich umfangreiches Know-how und internationale Kompetenz in den Bereichen Unternehmensf\u00fchrung, Industrievertrieb und Marketing, Produktion und [&hellip;]<\/p>\n","protected":false},"author":1,"featured_media":0,"parent":0,"menu_order":0,"comment_status":"closed","ping_status":"open","template":"","meta":{"footnotes":""},"class_list":["post-2","page","type-page","status-publish","hentry"],"_links":{"self":[{"href":"https:\/\/frankfurtgate-solutions.de\/deutsch\/wp-json\/wp\/v2\/pages\/2","targetHints":{"allow":["GET"]}}],"collection":[{"href":"https:\/\/frankfurtgate-solutions.de\/deutsch\/wp-json\/wp\/v2\/pages"}],"about":[{"href":"https:\/\/frankfurtgate-solutions.de\/deutsch\/wp-json\/wp\/v2\/types\/page"}],"author":[{"embeddable":true,"href":"https:\/\/frankfurtgate-solutions.de\/deutsch\/wp-json\/wp\/v2\/users\/1"}],"replies":[{"embeddable":true,"href":"https:\/\/frankfurtgate-solutions.de\/deutsch\/wp-json\/wp\/v2\/comments?post=2"}],"version-history":[{"count":62,"href":"https:\/\/frankfurtgate-solutions.de\/deutsch\/wp-json\/wp\/v2\/pages\/2\/revisions"}],"predecessor-version":[{"id":726,"href":"https:\/\/frankfurtgate-solutions.de\/deutsch\/wp-json\/wp\/v2\/pages\/2\/revisions\/726"}],"wp:attachment":[{"href":"https:\/\/frankfurtgate-solutions.de\/deutsch\/wp-json\/wp\/v2\/media?parent=2"}],"curies":[{"name":"wp","href":"https:\/\/api.w.org\/{rel}","templated":true}]}}